{"id":690,"date":"2020-11-27T14:17:52","date_gmt":"2020-11-27T14:17:52","guid":{"rendered":"https:\/\/moradadastradicoes.com.br\/utmt\/?page_id=690"},"modified":"2020-11-27T14:43:08","modified_gmt":"2020-11-27T14:43:08","slug":"grupos-continuos","status":"publish","type":"page","link":"https:\/\/moradadastradicoes.com.br\/utmt\/grupos-continuos\/","title":{"rendered":"Grupos Cont\u00ednuos"},"content":{"rendered":"<p>[et_pb_section fb_built=&#8221;1&#8243; next_background_color=&#8221;#f8b21f&#8221; _builder_version=&#8221;4.5.6&#8243; _module_preset=&#8221;default&#8221; custom_margin=&#8221;-50px||||false|false&#8221; custom_padding=&#8221;||||false|false&#8221; top_divider_color=&#8221;#e2a62e&#8221; bottom_divider_style=&#8221;wave2&#8243;][et_pb_row disabled_on=&#8221;on|on|off&#8221; _builder_version=&#8221;4.6.5&#8243; _module_preset=&#8221;default&#8221;][et_pb_column type=&#8221;4_4&#8243; _builder_version=&#8221;4.5.6&#8243; _module_preset=&#8221;default&#8221;][et_pb_text _builder_version=&#8221;4.6.5&#8243; _module_preset=&#8221;default&#8221; header_font=&#8221;Roboto||||||||&#8221; header_text_color=&#8221;#e2a62e&#8221;]<\/p>\n<h1 style=\"text-align: center;\">Programa Educacional da Morada das Tradi\u00e7\u00f5es<\/h1>\n<h1 style=\"text-align: center;\">9-Grupos Cont\u00ednuos<\/h1>\n<p>&nbsp;<\/p>\n<p>&nbsp;<\/p>\n<p>[\/et_pb_text][\/et_pb_column][\/et_pb_row][et_pb_row disabled_on=&#8221;off|off|on&#8221; _builder_version=&#8221;4.6.5&#8243; _module_preset=&#8221;default&#8221;][et_pb_column type=&#8221;4_4&#8243; _builder_version=&#8221;4.5.6&#8243; _module_preset=&#8221;default&#8221;][et_pb_text _builder_version=&#8221;4.6.5&#8243; _module_preset=&#8221;default&#8221; header_font=&#8221;Roboto||||||||&#8221; header_text_color=&#8221;#e2a62e&#8221; header_font_size=&#8221;16px&#8221; header_letter_spacing=&#8221;2px&#8221; header_line_height=&#8221;1.3em&#8221;]<\/p>\n<h1 style=\"text-align: center;\">Programa Educacional da Morada das Tradi\u00e7\u00f5es<\/h1>\n<h1 style=\"text-align: center;\">9-Grupos Cont\u00ednuos<\/h1>\n<p>&nbsp;<\/p>\n<p>&nbsp;<\/p>\n<p>[\/et_pb_text][\/et_pb_column][\/et_pb_row][\/et_pb_section][et_pb_section fb_built=&#8221;1&#8243; prev_background_color=&#8221;#ffffff&#8221; _builder_version=&#8221;4.6.5&#8243; _module_preset=&#8221;default&#8221; background_color=&#8221;#f8b21f&#8221; background_enable_image=&#8221;off&#8221; background_size=&#8221;initial&#8221; min_height=&#8221;759px&#8221; custom_margin=&#8221;-150px||||false|false&#8221; custom_padding=&#8221;||||true|false&#8221; top_divider_style=&#8221;wave2&#8243;][et_pb_row _builder_version=&#8221;4.5.6&#8243; _module_preset=&#8221;default&#8221;][et_pb_column type=&#8221;4_4&#8243; _builder_version=&#8221;4.5.6&#8243; _module_preset=&#8221;default&#8221;][et_pb_toggle title=&#8221;O que s\u00e3o:&#8221; open=&#8221;on&#8221; open_toggle_text_color=&#8221;#623421&#8243; _builder_version=&#8221;4.6.5&#8243; _module_preset=&#8221;default&#8221; title_text_color=&#8221;#623421&#8243; title_font=&#8221;Arial|700|||||||&#8221; hover_enabled=&#8221;0&#8243; sticky_enabled=&#8221;0&#8243;]<\/p>\n<p align=\"justify\">Os grupos cont\u00ednuos s\u00e3o reuni\u00f5es de pessoas realizadas mensalmente com datas e hor\u00e1rios previstas no final do ano anterior. S\u00e3o momentos dedicados para viv\u00eancias de t\u00e9cnicas e teorias transmitidas pelas tradi\u00e7\u00f5es, com a finalidade de promover autoconhecimento das pessoas que formam os grupos. Para fazer parte de um dos grupos cont\u00ednuos \u00e9 necess\u00e1rio ter participado dos grupos de estudos b\u00e1sicos\/fundamentais oferecidos pelos semin\u00e1rios e oficinas.<\/p>\n<ul>\n<li>\n<p align=\"justify\"><i><b>Instituto Morada das Tradi\u00e7\u00f5es<\/b><\/i><b> \u2013<\/b><\/p>\n<\/li>\n<\/ul>\n<p align=\"justify\">O Instituto Morada das Tradi\u00e7\u00f5es \u00e9 formado por um grupo de profissionais que planeja e acompanha todas as atividades relativas ao projeto educacional, estatut\u00e1rio e parcerias. S\u00e3o pessoas participantes dos grupos cont\u00ednuos como define o estatuto, que tamb\u00e9m oferecem seus produtos e servi\u00e7os apresentados nos respectivos sites: (colocar em formatado de lista com hiperlinks seguindo a ordem do site da Morada, na home.)<\/p>\n<ul>\n<li>\n<p align=\"justify\"><i><b>Forma\u00e7\u00e3o Continuada<\/b><\/i><b> \u2013<\/b><\/p>\n<\/li>\n<\/ul>\n<p align=\"justify\">As pessoas que fazem parte do Instituto Morada das Tradi\u00e7\u00f5es e outras pessoas que participaram dos grupos de estudos fundamentais ou b\u00e1sicos, se recolhem mensalmente e num final de semana para vivenciar experi\u00eancias sugeridas pelos m\u00e9todos das tradi\u00e7\u00f5es estudadas. S\u00e3o momentos terap\u00eauticos para avaliar e dar sequ\u00eancia produtiva em cada etapa dos processos humanos, com a finalidade de fortalecer o desempenho pessoal na vida, na profiss\u00e3o e nos lugares onde se envolve. \u00c9 um processo cont\u00ednuo da autoforma\u00e7\u00e3o, firmando consigo mesmo e com o grupo a responsabilidade com os respectivos objetivos na vida, contando com o desenvolvimento das qualidades pessoais, com est\u00edmulo e orienta\u00e7\u00e3o da sabedoria que as tradi\u00e7\u00f5es oferecem.<\/p>\n<p align=\"justify\">Se voc\u00ea se interessa em participar de um grupo desse tipo, deixe registrado seu interesse. Assim que novas turmas se formarem, faremos contato para passarmos mais informa\u00e7\u00f5es, clique no bot\u00e3o abaixo:<\/p>\n<p>[\/et_pb_toggle][\/et_pb_column][\/et_pb_row][et_pb_row column_structure=&#8221;1_3,1_3,1_3&#8243; _builder_version=&#8221;4.5.6&#8243; _module_preset=&#8221;default&#8221;][et_pb_column type=&#8221;1_3&#8243; _builder_version=&#8221;4.5.6&#8243; _module_preset=&#8221;default&#8221;][\/et_pb_column][et_pb_column type=&#8221;1_3&#8243; _builder_version=&#8221;4.5.6&#8243; _module_preset=&#8221;default&#8221;][et_pb_button button_url=&#8221;https:\/\/moradadastradicoes.com.br\/utmt\/formulario-de-inscricoes\/&#8221; url_new_window=&#8221;on&#8221; button_text=&#8221;Reserve Sua Vaga!&#8221; button_alignment=&#8221;center&#8221; _builder_version=&#8221;4.6.5&#8243; _module_preset=&#8221;default&#8221; custom_button=&#8221;on&#8221; button_text_color=&#8221;#623421&#8243; button_border_width=&#8221;1px&#8221; button_border_radius=&#8221;50px&#8221; button_letter_spacing=&#8221;2px&#8221; button_font=&#8221;Roboto|500|||||||&#8221; button_icon=&#8221;%%24%%&#8221;][\/et_pb_button][\/et_pb_column][et_pb_column type=&#8221;1_3&#8243; _builder_version=&#8221;4.5.6&#8243; _module_preset=&#8221;default&#8221;][\/et_pb_column][\/et_pb_row][\/et_pb_section]<\/p>\n","protected":false},"excerpt":{"rendered":"<p>Programa Educacional da Morada das Tradi\u00e7\u00f5es 9-Grupos Cont\u00ednuos &nbsp; &nbsp;Programa Educacional da Morada das Tradi\u00e7\u00f5es 9-Grupos Cont\u00ednuos &nbsp; &nbsp;Os grupos cont\u00ednuos s\u00e3o reuni\u00f5es de pessoas realizadas mensalmente com datas e hor\u00e1rios previstas no final do ano anterior. S\u00e3o momentos dedicados para viv\u00eancias de t\u00e9cnicas e teorias transmitidas pelas tradi\u00e7\u00f5es, com a finalidade de promover autoconhecimento [&hellip;]<\/p>\n","protected":false},"author":1,"featured_media":0,"parent":0,"menu_order":0,"comment_status":"closed","ping_status":"closed","template":"","meta":{"_et_pb_use_builder":"on","_et_pb_old_content":"","_et_gb_content_width":""},"_links":{"self":[{"href":"https:\/\/moradadastradicoes.com.br\/utmt\/wp-json\/wp\/v2\/pages\/690"}],"collection":[{"href":"https:\/\/moradadastradicoes.com.br\/utmt\/wp-json\/wp\/v2\/pages"}],"about":[{"href":"https:\/\/moradadastradicoes.com.br\/utmt\/wp-json\/wp\/v2\/types\/page"}],"author":[{"embeddable":true,"href":"https:\/\/moradadastradicoes.com.br\/utmt\/wp-json\/wp\/v2\/users\/1"}],"replies":[{"embeddable":true,"href":"https:\/\/moradadastradicoes.com.br\/utmt\/wp-json\/wp\/v2\/comments?post=690"}],"version-history":[{"count":3,"href":"https:\/\/moradadastradicoes.com.br\/utmt\/wp-json\/wp\/v2\/pages\/690\/revisions"}],"predecessor-version":[{"id":713,"href":"https:\/\/moradadastradicoes.com.br\/utmt\/wp-json\/wp\/v2\/pages\/690\/revisions\/713"}],"wp:attachment":[{"href":"https:\/\/moradadastradicoes.com.br\/utmt\/wp-json\/wp\/v2\/media?parent=690"}],"curies":[{"name":"wp","href":"https:\/\/api.w.org\/{rel}","templated":true}]}}

Grupos Contínuos

<p>[et_pb_section fb_built=&#8221;1&#8243; next_background_color=&#8221;#f8b21f&#8221; _builder_version=&#8221;4.5.6&#8243; _module_preset=&#8221;default&#8221; custom_margin=&#8221;-50px||||false|false&#8221; custom_padding=&#8221;||||false|false&#8221; top_divider_color=&#8221;#e2a62e&#8221; bottom_divider_style=&#8221;wave2&#8243;][et_pb_row disabled_on=&#8221;on|on|off&#8221; _builder_version=&#8221;4.6.5&#8243; _module_preset=&#8221;default&#8221;][et_pb_column type=&#8221;4_4&#8243; _builder_version=&#8221;4.5.6&#8243; _module_preset=&#8221;default&#8221;][et_pb_text _builder_version=&#8221;4.6.5&#8243; _module_preset=&#8221;default&#8221; header_font=&#8221;Roboto||||||||&#8221; header_text_color=&#8221;#e2a62e&#8221;]</p>
<h1 style="text-align: center;">Programa Educacional da Morada das Tradições</h1>
<h1 style="text-align: center;">9-Grupos Contínuos</h1>
<p>&nbsp;</p>
<p>&nbsp;</p>
<p>[/et_pb_text][/et_pb_column][/et_pb_row][et_pb_row disabled_on=&#8221;off|off|on&#8221; _builder_version=&#8221;4.6.5&#8243; _module_preset=&#8221;default&#8221;][et_pb_column type=&#8221;4_4&#8243; _builder_version=&#8221;4.5.6&#8243; _module_preset=&#8221;default&#8221;][et_pb_text _builder_version=&#8221;4.6.5&#8243; _module_preset=&#8221;default&#8221; header_font=&#8221;Roboto||||||||&#8221; header_text_color=&#8221;#e2a62e&#8221; header_font_size=&#8221;16px&#8221; header_letter_spacing=&#8221;2px&#8221; header_line_height=&#8221;1.3em&#8221;]</p>
<h1 style="text-align: center;">Programa Educacional da Morada das Tradições</h1>
<h1 style="text-align: center;">9-Grupos Contínuos</h1>
<p>&nbsp;</p>
<p>&nbsp;</p>
<p>[/et_pb_text][/et_pb_column][/et_pb_row][/et_pb_section][et_pb_section fb_built=&#8221;1&#8243; prev_background_color=&#8221;#ffffff&#8221; _builder_version=&#8221;4.6.5&#8243; _module_preset=&#8221;default&#8221; background_color=&#8221;#f8b21f&#8221; background_enable_image=&#8221;off&#8221; background_size=&#8221;initial&#8221; min_height=&#8221;759px&#8221; custom_margin=&#8221;-150px||||false|false&#8221; custom_padding=&#8221;||||true|false&#8221; top_divider_style=&#8221;wave2&#8243;][et_pb_row _builder_version=&#8221;4.5.6&#8243; _module_preset=&#8221;default&#8221;][et_pb_column type=&#8221;4_4&#8243; _builder_version=&#8221;4.5.6&#8243; _module_preset=&#8221;default&#8221;][et_pb_toggle title=&#8221;O que são:&#8221; open=&#8221;on&#8221; open_toggle_text_color=&#8221;#623421&#8243; _builder_version=&#8221;4.6.5&#8243; _module_preset=&#8221;default&#8221; title_text_color=&#8221;#623421&#8243; title_font=&#8221;Arial|700|||||||&#8221; hover_enabled=&#8221;0&#8243; sticky_enabled=&#8221;0&#8243;]</p>
<p align="justify">Os grupos contínuos são reuniões de pessoas realizadas mensalmente com datas e horários previstas no final do ano anterior. São momentos dedicados para vivências de técnicas e teorias transmitidas pelas tradições, com a finalidade de promover autoconhecimento das pessoas que formam os grupos. Para fazer parte de um dos grupos contínuos é necessário ter participado dos grupos de estudos básicos/fundamentais oferecidos pelos seminários e oficinas.</p>
<ul>
<li>
<p align="justify"><i><b>Instituto Morada das Tradições</b></i><b> –</b></p>
</li>
</ul>
<p align="justify">O Instituto Morada das Tradições é formado por um grupo de profissionais que planeja e acompanha todas as atividades relativas ao projeto educacional, estatutário e parcerias. São pessoas participantes dos grupos contínuos como define o estatuto, que também oferecem seus produtos e serviços apresentados nos respectivos sites: (colocar em formatado de lista com hiperlinks seguindo a ordem do site da Morada, na home.)</p>
<ul>
<li>
<p align="justify"><i><b>Formação Continuada</b></i><b> –</b></p>
</li>
</ul>
<p align="justify">As pessoas que fazem parte do Instituto Morada das Tradições e outras pessoas que participaram dos grupos de estudos fundamentais ou básicos, se recolhem mensalmente e num final de semana para vivenciar experiências sugeridas pelos métodos das tradições estudadas. São momentos terapêuticos para avaliar e dar sequência produtiva em cada etapa dos processos humanos, com a finalidade de fortalecer o desempenho pessoal na vida, na profissão e nos lugares onde se envolve. É um processo contínuo da autoformação, firmando consigo mesmo e com o grupo a responsabilidade com os respectivos objetivos na vida, contando com o desenvolvimento das qualidades pessoais, com estímulo e orientação da sabedoria que as tradições oferecem.</p>
<p align="justify">Se você se interessa em participar de um grupo desse tipo, deixe registrado seu interesse. Assim que novas turmas se formarem, faremos contato para passarmos mais informações, clique no botão abaixo:</p>
<p>[/et_pb_toggle][/et_pb_column][/et_pb_row][et_pb_row column_structure=&#8221;1_3,1_3,1_3&#8243; _builder_version=&#8221;4.5.6&#8243; _module_preset=&#8221;default&#8221;][et_pb_column type=&#8221;1_3&#8243; _builder_version=&#8221;4.5.6&#8243; _module_preset=&#8221;default&#8221;][/et_pb_column][et_pb_column type=&#8221;1_3&#8243; _builder_version=&#8221;4.5.6&#8243; _module_preset=&#8221;default&#8221;][et_pb_button button_url=&#8221;https://moradadastradicoes.com.br/utmt/formulario-de-inscricoes/&#8221; url_new_window=&#8221;on&#8221; button_text=&#8221;Reserve Sua Vaga!&#8221; button_alignment=&#8221;center&#8221; _builder_version=&#8221;4.6.5&#8243; _module_preset=&#8221;default&#8221; custom_button=&#8221;on&#8221; button_text_color=&#8221;#623421&#8243; button_border_width=&#8221;1px&#8221; button_border_radius=&#8221;50px&#8221; button_letter_spacing=&#8221;2px&#8221; button_font=&#8221;Roboto|500|||||||&#8221; button_icon=&#8221;%%24%%&#8221;][/et_pb_button][/et_pb_column][et_pb_column type=&#8221;1_3&#8243; _builder_version=&#8221;4.5.6&#8243; _module_preset=&#8221;default&#8221;][/et_pb_column][/et_pb_row][/et_pb_section]</p>

<p>Programa Educacional da Morada das Tradições 9-Grupos Contínuos &nbsp; &nbsp;Programa Educacional da Morada das Tradições 9-Grupos Contínuos &nbsp; &nbsp;Os grupos contínuos são reuniões de pessoas realizadas mensalmente com datas e horários previstas no final do ano anterior. São momentos dedicados para vivências de técnicas e teorias transmitidas pelas tradições, com a finalidade de promover autoconhecimento [&hellip;]</p>
